{"id":1310,"date":"2024-10-03T14:20:46","date_gmt":"2024-10-03T14:20:46","guid":{"rendered":"https:\/\/baroudeusebymylene.com\/?post_type=product&#038;p=1310"},"modified":"2024-12-02T10:38:39","modified_gmt":"2024-12-02T10:38:39","slug":"pochette-pour-portable-verticale","status":"publish","type":"product","link":"https:\/\/baroudeusebymylene.com\/index.php\/produit\/pochette-pour-portable-verticale\/","title":{"rendered":"Pochette pour portable verticale"},"content":{"rendered":"<p>Ces pochettes pour portable en wax seront l\u2019atout id\u00e9al pour les jours o\u00f9 vous n\u2019avez pas envie de porter votre sac \u00e0 main. Tr\u00e8s pratiques pour y ranger votre portable, vos cl\u00e9s de voiture, votre porte monnaie.<\/p>\n","protected":false},"excerpt":{"rendered":"<p>Cette jolie pochette color\u00e9e sera se rendre indispensable pour garder vos mains libres!<\/p>\n","protected":false},"featured_media":648,"comment_status":"open","ping_status":"closed","template":"","meta":[],"product_brand":[],"product_cat":[25,49],"product_tag":[],"class_list":{"0":"post-1310","1":"product","2":"type-product","3":"status-publish","4":"has-post-thumbnail","6":"product_cat-mes-creations-couture","7":"product_cat-pochettes-pour-portable","9":"entry","10":"has-media","12":"first","13":"instock","14":"shipping-taxable","15":"purchasable","16":"product-type-simple","17":"has-product-nav","18":"col","19":"span_1_of_4","20":"owp-content-center","21":"owp-thumbs-layout-horizontal","22":"owp-btn-normal","23":"owp-tabs-layout-horizontal","24":"has-no-thumbnails"},"yoast_head":"<!-- This site is optimized with the Yoast SEO plugin v25.3.1 - https:\/\/yoast.com\/wordpress\/plugins\/seo\/ -->\n<title>Pochette pour portable verticale - Baroudeusebymylene.com<\/title>\n<meta name=\"description\" content=\"Cette pochette pour portable en wax sera l\u2019atout id\u00e9al pour les jours o\u00f9 vous n\u2019avez pas envie de porter votre sac \u00e0 main.\" \/>\n<meta name=\"robots\" content=\"index, follow, max-snippet:-1, max-image-preview:large, max-video-preview:-1\" \/>\n<link rel=\"canonical\" href=\"https:\/\/baroudeusebymylene.com\/index.php\/produit\/pochette-pour-portable-verticale\/\" \/>\n<meta property=\"og:locale\" content=\"fr_FR\" \/>\n<meta property=\"og:type\" content=\"article\" \/>\n<meta property=\"og:title\" content=\"Pochette pour portable verticale - Baroudeusebymylene.com\" \/>\n<meta property=\"og:description\" content=\"Cette pochette pour portable en wax sera l\u2019atout id\u00e9al pour les jours o\u00f9 vous n\u2019avez pas envie de porter votre sac \u00e0 main.\" \/>\n<meta property=\"og:url\" content=\"https:\/\/baroudeusebymylene.com\/index.php\/produit\/pochette-pour-portable-verticale\/\" \/>\n<meta property=\"og:site_name\" content=\"Baroudeusebymylene.com\" \/>\n<meta property=\"article:modified_time\" content=\"2024-12-02T10:38:39+00:00\" \/>\n<meta property=\"og:image\" content=\"https:\/\/baroudeusebymylene.com\/wp-content\/uploads\/2024\/09\/pochette-portable-verticale-fleur-de-mariage-bleu-rose.jpg\" \/>\n\t<meta property=\"og:image:width\" content=\"480\" \/>\n\t<meta property=\"og:image:height\" content=\"640\" \/>\n\t<meta property=\"og:image:type\" content=\"image\/jpeg\" \/>\n<meta name=\"twitter:card\" content=\"summary_large_image\" \/>\n<meta name=\"twitter:label1\" content=\"Dur\u00e9e de lecture estim\u00e9e\" \/>\n\t<meta name=\"twitter:data1\" content=\"1 minute\" \/>\n<script type=\"application\/ld+json\" class=\"yoast-schema-graph\">{\"@context\":\"https:\/\/schema.org\",\"@graph\":[{\"@type\":\"WebPage\",\"@id\":\"https:\/\/baroudeusebymylene.com\/index.php\/produit\/pochette-pour-portable-verticale\/\",\"url\":\"https:\/\/baroudeusebymylene.com\/index.php\/produit\/pochette-pour-portable-verticale\/\",\"name\":\"Pochette pour portable verticale - Baroudeusebymylene.com\",\"isPartOf\":{\"@id\":\"https:\/\/baroudeusebymylene.com\/#website\"},\"primaryImageOfPage\":{\"@id\":\"https:\/\/baroudeusebymylene.com\/index.php\/produit\/pochette-pour-portable-verticale\/#primaryimage\"},\"image\":{\"@id\":\"https:\/\/baroudeusebymylene.com\/index.php\/produit\/pochette-pour-portable-verticale\/#primaryimage\"},\"thumbnailUrl\":\"https:\/\/baroudeusebymylene.com\/wp-content\/uploads\/2024\/09\/pochette-portable-verticale-fleur-de-mariage-bleu-rose.jpg\",\"datePublished\":\"2024-10-03T14:20:46+00:00\",\"dateModified\":\"2024-12-02T10:38:39+00:00\",\"description\":\"Cette pochette pour portable en wax sera l\u2019atout id\u00e9al pour les jours o\u00f9 vous n\u2019avez pas envie de porter votre sac \u00e0 main.\",\"breadcrumb\":{\"@id\":\"https:\/\/baroudeusebymylene.com\/index.php\/produit\/pochette-pour-portable-verticale\/#breadcrumb\"},\"inLanguage\":\"fr-FR\",\"potentialAction\":[{\"@type\":\"ReadAction\",\"target\":[\"https:\/\/baroudeusebymylene.com\/index.php\/produit\/pochette-pour-portable-verticale\/\"]}]},{\"@type\":\"ImageObject\",\"inLanguage\":\"fr-FR\",\"@id\":\"https:\/\/baroudeusebymylene.com\/index.php\/produit\/pochette-pour-portable-verticale\/#primaryimage\",\"url\":\"https:\/\/baroudeusebymylene.com\/wp-content\/uploads\/2024\/09\/pochette-portable-verticale-fleur-de-mariage-bleu-rose.jpg\",\"contentUrl\":\"https:\/\/baroudeusebymylene.com\/wp-content\/uploads\/2024\/09\/pochette-portable-verticale-fleur-de-mariage-bleu-rose.jpg\",\"width\":480,\"height\":640,\"caption\":\"pochette portable verticale fleur de mariage bleu rose\"},{\"@type\":\"BreadcrumbList\",\"@id\":\"https:\/\/baroudeusebymylene.com\/index.php\/produit\/pochette-pour-portable-verticale\/#breadcrumb\",\"itemListElement\":[{\"@type\":\"ListItem\",\"position\":1,\"name\":\"Accueil\",\"item\":\"https:\/\/baroudeusebymylene.com\/\"},{\"@type\":\"ListItem\",\"position\":2,\"name\":\"Boutique en ligne\",\"item\":\"https:\/\/baroudeusebymylene.com\/index.php\/boutique-en-ligne\/\"},{\"@type\":\"ListItem\",\"position\":3,\"name\":\"Pochette pour portable verticale\"}]},{\"@type\":\"WebSite\",\"@id\":\"https:\/\/baroudeusebymylene.com\/#website\",\"url\":\"https:\/\/baroudeusebymylene.com\/\",\"name\":\"Baroudeusebymylene.com\",\"description\":\"Voyager sans rencontrer l&#039;autre, ce n&#039;est pas voyager c&#039;est se d\u00e9placer... Alexandra David Neel\",\"publisher\":{\"@id\":\"https:\/\/baroudeusebymylene.com\/#organization\"},\"potentialAction\":[{\"@type\":\"SearchAction\",\"target\":{\"@type\":\"EntryPoint\",\"urlTemplate\":\"https:\/\/baroudeusebymylene.com\/?s={search_term_string}\"},\"query-input\":{\"@type\":\"PropertyValueSpecification\",\"valueRequired\":true,\"valueName\":\"search_term_string\"}}],\"inLanguage\":\"fr-FR\"},{\"@type\":\"Organization\",\"@id\":\"https:\/\/baroudeusebymylene.com\/#organization\",\"name\":\"Baroudeusebymylene.com\",\"url\":\"https:\/\/baroudeusebymylene.com\/\",\"logo\":{\"@type\":\"ImageObject\",\"inLanguage\":\"fr-FR\",\"@id\":\"https:\/\/baroudeusebymylene.com\/#\/schema\/logo\/image\/\",\"url\":\"https:\/\/baroudeusebymylene.com\/wp-content\/uploads\/2024\/07\/cropped-IMG_9174.jpg\",\"contentUrl\":\"https:\/\/baroudeusebymylene.com\/wp-content\/uploads\/2024\/07\/cropped-IMG_9174.jpg\",\"width\":568,\"height\":213,\"caption\":\"Baroudeusebymylene.com\"},\"image\":{\"@id\":\"https:\/\/baroudeusebymylene.com\/#\/schema\/logo\/image\/\"}}]}<\/script>\n<!-- \/ Yoast SEO plugin. -->","yoast_head_json":{"title":"Pochette pour portable verticale - Baroudeusebymylene.com","description":"Cette pochette pour portable en wax sera l\u2019atout id\u00e9al pour les jours o\u00f9 vous n\u2019avez pas envie de porter votre sac \u00e0 main.","robots":{"index":"index","follow":"follow","max-snippet":"max-snippet:-1","max-image-preview":"max-image-preview:large","max-video-preview":"max-video-preview:-1"},"canonical":"https:\/\/baroudeusebymylene.com\/index.php\/produit\/pochette-pour-portable-verticale\/","og_locale":"fr_FR","og_type":"article","og_title":"Pochette pour portable verticale - Baroudeusebymylene.com","og_description":"Cette pochette pour portable en wax sera l\u2019atout id\u00e9al pour les jours o\u00f9 vous n\u2019avez pas envie de porter votre sac \u00e0 main.","og_url":"https:\/\/baroudeusebymylene.com\/index.php\/produit\/pochette-pour-portable-verticale\/","og_site_name":"Baroudeusebymylene.com","article_modified_time":"2024-12-02T10:38:39+00:00","og_image":[{"width":480,"height":640,"url":"https:\/\/baroudeusebymylene.com\/wp-content\/uploads\/2024\/09\/pochette-portable-verticale-fleur-de-mariage-bleu-rose.jpg","type":"image\/jpeg"}],"twitter_card":"summary_large_image","twitter_misc":{"Dur\u00e9e de lecture estim\u00e9e":"1 minute"},"schema":{"@context":"https:\/\/schema.org","@graph":[{"@type":"WebPage","@id":"https:\/\/baroudeusebymylene.com\/index.php\/produit\/pochette-pour-portable-verticale\/","url":"https:\/\/baroudeusebymylene.com\/index.php\/produit\/pochette-pour-portable-verticale\/","name":"Pochette pour portable verticale - Baroudeusebymylene.com","isPartOf":{"@id":"https:\/\/baroudeusebymylene.com\/#website"},"primaryImageOfPage":{"@id":"https:\/\/baroudeusebymylene.com\/index.php\/produit\/pochette-pour-portable-verticale\/#primaryimage"},"image":{"@id":"https:\/\/baroudeusebymylene.com\/index.php\/produit\/pochette-pour-portable-verticale\/#primaryimage"},"thumbnailUrl":"https:\/\/baroudeusebymylene.com\/wp-content\/uploads\/2024\/09\/pochette-portable-verticale-fleur-de-mariage-bleu-rose.jpg","datePublished":"2024-10-03T14:20:46+00:00","dateModified":"2024-12-02T10:38:39+00:00","description":"Cette pochette pour portable en wax sera l\u2019atout id\u00e9al pour les jours o\u00f9 vous n\u2019avez pas envie de porter votre sac \u00e0 main.","breadcrumb":{"@id":"https:\/\/baroudeusebymylene.com\/index.php\/produit\/pochette-pour-portable-verticale\/#breadcrumb"},"inLanguage":"fr-FR","potentialAction":[{"@type":"ReadAction","target":["https:\/\/baroudeusebymylene.com\/index.php\/produit\/pochette-pour-portable-verticale\/"]}]},{"@type":"ImageObject","inLanguage":"fr-FR","@id":"https:\/\/baroudeusebymylene.com\/index.php\/produit\/pochette-pour-portable-verticale\/#primaryimage","url":"https:\/\/baroudeusebymylene.com\/wp-content\/uploads\/2024\/09\/pochette-portable-verticale-fleur-de-mariage-bleu-rose.jpg","contentUrl":"https:\/\/baroudeusebymylene.com\/wp-content\/uploads\/2024\/09\/pochette-portable-verticale-fleur-de-mariage-bleu-rose.jpg","width":480,"height":640,"caption":"pochette portable verticale fleur de mariage bleu rose"},{"@type":"BreadcrumbList","@id":"https:\/\/baroudeusebymylene.com\/index.php\/produit\/pochette-pour-portable-verticale\/#breadcrumb","itemListElement":[{"@type":"ListItem","position":1,"name":"Accueil","item":"https:\/\/baroudeusebymylene.com\/"},{"@type":"ListItem","position":2,"name":"Boutique en ligne","item":"https:\/\/baroudeusebymylene.com\/index.php\/boutique-en-ligne\/"},{"@type":"ListItem","position":3,"name":"Pochette pour portable verticale"}]},{"@type":"WebSite","@id":"https:\/\/baroudeusebymylene.com\/#website","url":"https:\/\/baroudeusebymylene.com\/","name":"Baroudeusebymylene.com","description":"Voyager sans rencontrer l&#039;autre, ce n&#039;est pas voyager c&#039;est se d\u00e9placer... Alexandra David Neel","publisher":{"@id":"https:\/\/baroudeusebymylene.com\/#organization"},"potentialAction":[{"@type":"SearchAction","target":{"@type":"EntryPoint","urlTemplate":"https:\/\/baroudeusebymylene.com\/?s={search_term_string}"},"query-input":{"@type":"PropertyValueSpecification","valueRequired":true,"valueName":"search_term_string"}}],"inLanguage":"fr-FR"},{"@type":"Organization","@id":"https:\/\/baroudeusebymylene.com\/#organization","name":"Baroudeusebymylene.com","url":"https:\/\/baroudeusebymylene.com\/","logo":{"@type":"ImageObject","inLanguage":"fr-FR","@id":"https:\/\/baroudeusebymylene.com\/#\/schema\/logo\/image\/","url":"https:\/\/baroudeusebymylene.com\/wp-content\/uploads\/2024\/07\/cropped-IMG_9174.jpg","contentUrl":"https:\/\/baroudeusebymylene.com\/wp-content\/uploads\/2024\/07\/cropped-IMG_9174.jpg","width":568,"height":213,"caption":"Baroudeusebymylene.com"},"image":{"@id":"https:\/\/baroudeusebymylene.com\/#\/schema\/logo\/image\/"}}]}},"_links":{"self":[{"href":"https:\/\/baroudeusebymylene.com\/index.php\/wp-json\/wp\/v2\/product\/1310","targetHints":{"allow":["GET"]}}],"collection":[{"href":"https:\/\/baroudeusebymylene.com\/index.php\/wp-json\/wp\/v2\/product"}],"about":[{"href":"https:\/\/baroudeusebymylene.com\/index.php\/wp-json\/wp\/v2\/types\/product"}],"replies":[{"embeddable":true,"href":"https:\/\/baroudeusebymylene.com\/index.php\/wp-json\/wp\/v2\/comments?post=1310"}],"wp:featuredmedia":[{"embeddable":true,"href":"https:\/\/baroudeusebymylene.com\/index.php\/wp-json\/wp\/v2\/media\/648"}],"wp:attachment":[{"href":"https:\/\/baroudeusebymylene.com\/index.php\/wp-json\/wp\/v2\/media?parent=1310"}],"wp:term":[{"taxonomy":"product_brand","embeddable":true,"href":"https:\/\/baroudeusebymylene.com\/index.php\/wp-json\/wp\/v2\/product_brand?post=1310"},{"taxonomy":"product_cat","embeddable":true,"href":"https:\/\/baroudeusebymylene.com\/index.php\/wp-json\/wp\/v2\/product_cat?post=1310"},{"taxonomy":"product_tag","embeddable":true,"href":"https:\/\/baroudeusebymylene.com\/index.php\/wp-json\/wp\/v2\/product_tag?post=1310"}],"curies":[{"name":"wp","href":"https:\/\/api.w.org\/{rel}","templated":true}]}}